pose 0 = 5*o - j + 28. Let z = o + 4. List the prime factors of z.
2, 3
Let u = 4 + 76. What are the prime factors of u/140 + 388/7?
2, 7
Suppose -4*q + q = -4*z + 1491, -2*z - 5*q + 739 = 0. What are the prime factors of z?
2, 3, 31
Suppose -23 = -q + 4*y, 2*q + y = q + 3. Suppose -q*c = -11*c + 12. Suppose c*p = 139 - 10. List the prime factors of p.
43
Let f be 4 + -5 + (-2)/(-2). Suppose o + 3*d + 7 = 0, -4 = -5*o - f*d - 2*d. Suppose 2*c - 126 = -5*x, -x - o*x - 5*c = -87. List the prime factors of x.
2, 3
Suppose -5*j + 4397 = q, 15*q + 2629 = 3*j + 11*q. What are the prime factors of j?
3, 293
Suppose 2*g + s - 2472 = 0, 1226 = 28*g - 27*g + 3*s. What are the prime factors of g?
2, 619
Let s(x) = 2*x**3 - 21*x**2 + 21*x - 2. List the prime factors of s(13).
2, 3, 31
Let d = -140 + 715. What are the prime factors of d?
5, 23
Suppose -3*t + 9*t = 2442. List the prime factors of t.
11, 37
Suppose 5*m - 4393 = 2*k, -19 = -2*k - 17. List the prime factors of m.
3, 293
Let x be 19/2*(3 - 1). Let b be x/(-4) + (-3)/(-4). List the prime factors of (b/5)/(4/(-20)).
2
Let q(x) = -5*x - 3. Let g be q(-3). Let u(w) = -w**2 + 12*w + 4. Let v be u(g). Suppose b = 2*n - 2, -3*b = v*n - 24 - 0. List the prime factors of n.
3
List the prime factors of 18*(5 - 158/(-3)) + 7.
5, 11, 19
Let f be (-6244)/(-49) - 4/(-7). Let j = f - 82. What are the prime factors of j?
2, 23
Let v(g) = g**2 - g + 2. Let q be v(4). Suppose -4*x - q = -j + 11, 3*j = 3*x + 30. Suppose j = 3*w - 7. List the prime factors of w.
2
Suppose -21*t + 157092 = 55*t. What are the prime factors of t?
3, 13, 53
Suppose 5*x + 1595 = 4*k, -1032 = -4*k - x + 593. List the prime factors of k.
3, 5
Suppose -2*o - 2*o = -2*x - 316, 4*x = -2*o + 138. Suppose -o = -4*k + 4*s + s, -2*k - 3*s + 11 = 0. Suppose k*a - 78 = 11*a. List the prime factors of a.
3, 13
Suppose 0 = -3*y + y + 80. Suppose y = b - 84. Suppose -5*z + 92 = 3*h, 0 = 5*z - 4*h + 25 - b. List the prime factors of z.
19
Suppose -10 = 4*c - 6*c. Suppose -c*f + f = -12. Suppose 0 = -w + f*m + 8, -2*w + 3 = -m - 3. What are the prime factors of w?
2
Let b be -1*1 + (-36)/(-6). Suppose -6*o + b*o = -10. What are the prime factors of o?
2, 5
Let u = 1190 + -194. List the prime factors of u.
2, 3, 83
Let k = -94 - -61. Let u = k + 33. Suppose 359 = 5*y - 4*a, -3*y - y - 3*a + 312 = u. What are the prime factors of y?
3, 5
Suppose -10 = -5*q - 3*r, -3*q + 20 = -q - 2*r. Let t be ((-24)/10)/(1/q). List the prime factors of (-1*2)/(t/48).
2
Suppose -w = 3*j - 0*w - 10, -3*j + 2*w + 7 = 0. What are the prime factors of ((-92)/6)/(-2) - (-1)/j?
2
Let k(w) = -2*w - 9. Let t be k(-6). Let p(a) = a**2 - 3*a + 2. Let o be p(-8). Suppose 0 = -t*l + 8*l - o. List the prime factors of l.
2, 3
Let o(v) = -v**3 - v**2 + v. Let m(r) = -4*r**3 - 11*r**2 + 8*r - 6. Let w(j) = m(j) - 5*o(j). Let c be w(6). Let y = c - 9. What are the prime factors of y?
3
Suppose -1270 = -22*g + 2184. What are the prime factors of g?
157
Let b(y) = y**2 - 11*y + 3. Let u be b(-11). Let c = u - 153. Let f = c - 44. List the prime factors of f.
2, 3
Let j = -16 - -28. Let k(z) = -z**2 + 12*z - 8. Let o(n) = -2*n**2 + 23*n - 17. Let i(w) = 9*k(w) - 4*o(w). List the prime factors of i(j).
2, 11
Let i(g) = -65*g - 8. Let s be i(-2). Suppose 4*o - 24 - s = -2*a, 4*a - 2*o - 342 = 0. What are the prime factors of a?
83
Let o(q) = 4*q**2 + 2*q - 1. Let n be o(1). Suppose 0 = -n*r - 0*r - 160. List the prime factors of ((-9)/6)/(2/r).
2, 3
Suppose -45*w + 7*w = -60496. List the prime factors of w.
2, 199
Suppose -5 = -5*t + 5. Suppose -3*c - 5*q + 423 = 0, 4*q = c + 2*c - 450. List the prime factors of t/(4 + c/(-37)).
37
Suppose 0 = 3*i + 2*l - 0*l - 6, -5*l = 0. Suppose 0 = -i*g + 126 + 94. List the prime factors of g.
2, 5, 11
Let b(a) = -a**2 - 15*a - 16. Let r be b(-7). Let o = 76 - r. What are the prime factors of o?
2, 3
Let n(i) = -3*i**3 - 19*i**2 - 5*i - 23. What are the prime factors of n(-8)?
337
Suppose -4*g = 4*q - g + 31, 0 = 4*q - 4*g + 52. What are the prime factors of 8/q*(-20)/8?
2
Suppose 3 = n - 7. Suppose 4*w = n*w - 156. List the prime factors of w.
2, 13
Suppose 20*m - 37*m + 14501 = 0. List the prime factors of m.
853
Suppose -255*q + 660 = -251*q. List the prime factors of q.
3, 5, 11
Suppose -4*b - 34 = 53*m - 56*m, 3*b = -4*m + 62. Let r = 6 + 0. List the prime factors of (m + 0)/(r + -4).
7
Suppose 0 = -5*w - 38 + 78. Suppose w*a = 3*a + 270. What are the prime factors of a?
2, 3
Let b = 34 + -20. Let k = b + -11. What are the prime factors of -57*(0 + k/(-9))?
19
Suppose c = 1377 - 205. What are the prime factors of c?
2, 293
Let h(g) = 126*g**2 - 11*g + 19. Let c(x) = 25*x**2 - 2*x + 4. Let t(k) = 11*c(k) - 2*h(k). List the prime factors of t(-2).
2, 7
Let x be (-10 - -5) + 0/(0 - -1). List the prime factors of 47 + 5/(x/3).
2, 11
Suppose 729 = 16*i - 7*i. What are the prime factors of i?
3
Let b(k) = 28*k**2 + k + 14. Let v be b(5). Let y = v - -463. List the prime factors of (-1)/(-3) - y/(-18).
2, 3, 11
Let h = -39 + -33. Let r = h - -91. List the prime factors of r.
19
Let d = 19 - -612. List the prime factors of d.
631
Suppose 4586 = -12*m + 34322. List the prime factors of m.
2, 3, 7, 59
Let z(y) be the second derivative of y**3/6 + 2*y**2 + 5*y. Let b be z(0). Suppose b*f - 92 = 8. What are the prime factors of f?
5
Suppose 4*y + 21 = 5*x, -2*y = -3*x + 2*y + 19. List the prime factors of (x - -2)*3*246/27.
2, 41
Suppose 0 = -5*q + 5. What are the prime factors of (37 - -1 - q)/(2/4)?
2, 37
Suppose -3*y + j = 13, 2*y + 0*j + 14 = 2*j. Let l be (-2)/(-9) + (-560)/(-72). What are the prime factors of l/y*(-162)/12?
2, 3
Suppose -c - 502 = s, 2*s = 3*c - 296 - 688. What are the prime factors of 36/(-63) + s/(-14)?
5, 7
Let s = -3526 - -6754. List the prime factors of s.
2, 3, 269
Let l be (12 - 8)*(-202)/(-8). Let t = l + -72. List the prime factors of t.
29
What are the prime factors of (((-4596)/15)/(6/15))/(-1)?
2, 383
Let v = -1 - -3. Let f be (v/6)/((-5)/(-75)). Suppose -f*b = -4*b + 5*r, 60 = 4*b + 5*r. What are the prime factors of b?
2, 5
Let t(j) = 21*j**2 - 2*j + 3. List the prime factors of t(-4).
347
Let w = -146 + 147. What are the prime factors of (-37)/(24/28 - w)?
7, 37
Let k(w) = w - 15. Let o be k(15). Suppose o = 15*h - 18*h + 81. Let f = h + 8. What are the prime factors of f?
5, 7
Let d(q) = -7*q**2 + 13*q - 1. Let n(m) = -11*m**2 + 20*m - 2. Let y(a) = -8*d(a) + 5*n(a). Let w be y(5). Let t = 0 + w. What are the prime factors of t?
3
Let l(j) = -j**2 + 10*j + 4. Let b be l(10). Suppose -b*a - 2*r + 5 = -3*r, -a = -r - 2. What are the prime factors of a + 5 - 3 - -60?
3, 7
Let m = -118 + 246. Let i be m/(-24)*(-3)/2. Let k = i + -6. List the prime factors of k.
2
Suppose -6*x - x + 5*x = 0. Suppose x = -s + 3*s - 250. List the prime factors of s.
5
Let s = 811 + -364. Suppose 2*l + s = 4*x + 87, -2*x = -2*l - 176. List the prime factors of x.
2, 23
Let q(x) = 2*x**2 - 11*x + 7. Let f be q(-8). Let v = f - 158. List the prime factors of v.
5, 13
Let q(i) be the second derivative of -7*i**3/3 - 3*i**2 + 3*i. Let l be q(2). Let t = 0 - l. List the prime factors of t.
2, 17
Let h = 25 - 15. Suppose -275 = -h*t + 55. What are the prime factors of t?
3, 11
Suppose 0 = 13*t - 17*t + 1024. List the prime factors of t.
2
Let n(k) = k + 14. Let w be n(-10). Let i(o) = -o + 0*o - 5*o + 12 + 9*o**2 + o**3 + w*o. What are the prime factors of i(-9)?
2, 3, 5
Let s = 5197 - 990. What are the prime factors of s?
7, 601
Let w(v) = -927*v + 100. What are the prime factors of w(-3)?
43, 67
Let o(f) = 2*f**3 - 10*f**2 - 11*f. List the prime factors of o(8).
2, 37
Suppose f = 13*k - 33762, -2594 = 6*k - 7*k - 3*f. List the prime factors of k.
7, 53
Suppose 3*i = -55 + 67. What are the prime factors of (1 + (-10)/i)*32/(-6)?
2
Suppose -30*b + 47517 = 17*b. List the prime factors of b.
3, 337
Let c be (13/(-13))/(1/(-3)). Suppose 84 = 4*p - c*p. List the prime factors of p.
2, 3, 7
Let a(s) = -s + 196. List the prime factors of a(-16).
2, 53
Let k be (-7 + 0)*(-10 + 9). Suppose 0 = 5*s - 25, -5*r - 70 = -k*r + 4*s. List the prime factors of r.
3, 5
Let k = -119 - -123. Suppose -d = 3*t - 142, t + 3*t + 552 = k*d. What are the prime factors of 